{"id":2,"date":"2023-01-25T12:32:10","date_gmt":"2023-01-25T12:32:10","guid":{"rendered":"https:\/\/reservas.astursella.com\/?page_id=2"},"modified":"2025-08-07T07:38:22","modified_gmt":"2025-08-07T07:38:22","slug":"sample-page","status":"publish","type":"page","link":"https:\/\/reservas.astursella.com\/","title":{"rendered":"Inicio"},"content":{"rendered":"\t\t<div data-elementor-type=\"wp-page\" data-elementor-id=\"2\" class=\"elementor elementor-2\" data-elementor-post-type=\"page\">\n\t\t\t\t<div class=\"elementor-element elementor-element-6c91465 e-flex e-con-boxed e-con e-parent\" data-id=\"6c91465\" data-element_type=\"container\">\n\t\t\t\t\t<div class=\"e-con-inner\">\n\t\t\t\t<div class=\"elementor-element elementor-element-b008da3 elementor-widget elementor-widget-text-editor\" data-id=\"b008da3\" data-element_type=\"widget\" data-widget_type=\"text-editor.default\">\n\t\t\t\t<div class=\"elementor-widget-container\">\n\t\t\t\t\t\t\t\t\t<p class=\"p3\">La asignaci\u00f3n de canoas se realiza autom\u00e1ticamente seg\u00fan el n\u00famero de personas y su edad <strong>(15 a\u00f1os o m\u00e1s se considera Adulto)<\/strong>, respetando siempre la capacidad y seguridad de cada embarcaci\u00f3n. Las canoas disponibles pueden ser individuales, dobles o triples <em>(aunque f\u00edsicamente Dobles y Triples sean iguales, la distribuci\u00f3n var\u00eda seg\u00fan los ocupantes)<\/em>.<\/p><p class=\"p3\">Por ejemplo:<\/p><ul><li><p class=\"p1\">Si van <span class=\"s1\"><b>3 adultos<\/b><\/span>, uno de ellos ir\u00e1 en una <span class=\"s1\"><b>canoa individual<\/b><\/span> (35\u202f\u20ac) y los otros dos en una <span class=\"s1\"><b>canoa doble<\/b><\/span> (30\u202f\u20ac cada uno). <b style=\"font-family: -apple-system, BlinkMacSystemFont, 'Segoe UI', Roboto, 'Helvetica Neue', Arial, 'Noto Sans', sans-serif, 'Apple Color Emoji', 'Segoe UI Emoji', 'Segoe UI Symbol', 'Noto Color Emoji';\">3 adultos<\/b><span class=\"s1\" style=\"font-family: -apple-system, BlinkMacSystemFont, 'Segoe UI', Roboto, 'Helvetica Neue', Arial, 'Noto Sans', sans-serif, 'Apple Color Emoji', 'Segoe UI Emoji', 'Segoe UI Symbol', 'Noto Color Emoji';\">\u00a0no pueden ir en una Canoa Triple.<\/span><\/p><\/li><li><p class=\"p1\">Si van <span class=\"s1\"><b>2 adultos y 1 ni\u00f1o o 1 adulto y 2 ni\u00f1os<\/b><\/span>, se asignar\u00e1 una <span class=\"s1\"><b>canoa triple<\/b><\/span> (30\u202f\u20ac por adulto y 20\u202f\u20ac por ni\u00f1o).<\/p><\/li><li><p class=\"p1\">Los <span class=\"s1\"><b>ni\u00f1os nunca van solos<\/b><\/span> y siempre deben ir acompa\u00f1ados de al menos un adulto en una Canoa Doble.<\/p><hr \/><\/li><\/ul><p class=\"p3\" style=\"text-align: center;\"><strong>Calcularemos la combinaci\u00f3n m\u00e1s adecuada y te enviaremos el precio total por Whatsapp<\/strong><\/p>\t\t\t\t\t\t\t\t<\/div>\n\t\t\t\t<\/div>\n\t\t\t\t<div class=\"elementor-element elementor-element-e46b623 elementor-button-align-stretch elementor-widget elementor-widget-form\" data-id=\"e46b623\" data-element_type=\"widget\" data-settings=\"{&quot;step_next_label&quot;:&quot;Next&quot;,&quot;step_previous_label&quot;:&quot;Previous&quot;,&quot;step_type&quot;:&quot;icon&quot;,&quot;button_width&quot;:&quot;100&quot;,&quot;step_icon_shape&quot;:&quot;circle&quot;}\" data-widget_type=\"form.default\">\n\t\t\t\t<div class=\"elementor-widget-container\">\n\t\t\t\t\t\t\t<form class=\"elementor-form\" method=\"post\" name=\"New Form\">\n\t\t\t<input type=\"hidden\" name=\"post_id\" value=\"2\"\/>\n\t\t\t<input type=\"hidden\" name=\"form_id\" value=\"e46b623\"\/>\n\t\t\t<input type=\"hidden\" name=\"referer_title\" value=\"\" \/>\n\n\t\t\t\t\t\t\t<input type=\"hidden\" name=\"queried_id\" value=\"2\"\/>\n\t\t\t\n\t\t\t<div class=\"elementor-form-fields-wrapper elementor-labels-above\">\n\t\t\t\t\t\t\t\t<div class=\"elementor-field-type-text elementor-field-group elementor-column elementor-field-group-name elementor-col-100\">\n\t\t\t\t\t\t\t\t\t\t\t\t<label for=\"form-field-name\" class=\"elementor-field-label\">\n\t\t\t\t\t\t\t\tNombre\t\t\t\t\t\t\t<\/label>\n\t\t\t\t\t\t\t\t\t\t\t\t\t\t<input size=\"1\" type=\"text\" name=\"form_fields[name]\" id=\"form-field-name\" class=\"elementor-field elementor-size-sm  elementor-field-textual\" placeholder=\"nombre\">\n\t\t\t\t\t\t\t\t\t\t\t<\/div>\n\t\t\t\t\t\t\t\t<div class=\"elementor-field-type-email elementor-field-group elementor-column elementor-field-group-email elementor-col-100 elementor-field-required\">\n\t\t\t\t\t\t\t\t\t\t\t\t<label for=\"form-field-email\" class=\"elementor-field-label\">\n\t\t\t\t\t\t\t\tCorreo Electr\u00f3nico\t\t\t\t\t\t\t<\/label>\n\t\t\t\t\t\t\t\t\t\t\t\t\t\t<input size=\"1\" type=\"email\" name=\"form_fields[email]\" id=\"form-field-email\" class=\"elementor-field elementor-size-sm  elementor-field-textual\" placeholder=\"email\" required=\"required\">\n\t\t\t\t\t\t\t\t\t\t\t<\/div>\n\t\t\t\t\t\t\t\t<div class=\"elementor-field-type-tel elementor-field-group elementor-column elementor-field-group-field_ff2408b elementor-col-100 elementor-field-required\">\n\t\t\t\t\t\t\t\t\t\t\t\t<label for=\"form-field-field_ff2408b\" class=\"elementor-field-label\">\n\t\t\t\t\t\t\t\tTel\u00e9fono (Whatsapp)\t\t\t\t\t\t\t<\/label>\n\t\t\t\t\t\t\t\t<input size=\"1\" type=\"tel\" name=\"form_fields[field_ff2408b]\" id=\"form-field-field_ff2408b\" class=\"elementor-field elementor-size-sm  elementor-field-textual\" placeholder=\"telefono\" required=\"required\" pattern=\"[0-9()#&amp;+*-=.]+\" title=\"Only numbers and phone characters (#, -, *, etc) are accepted.\">\n\n\t\t\t\t\t\t<\/div>\n\t\t\t\t\t\t\t\t<div class=\"elementor-field-type-select elementor-field-group elementor-column elementor-field-group-field_982acc3 elementor-col-100\">\n\t\t\t\t\t\t\t\t\t\t\t\t<label for=\"form-field-field_982acc3\" class=\"elementor-field-label\">\n\t\t\t\t\t\t\t\tHora de Salida\t\t\t\t\t\t\t<\/label>\n\t\t\t\t\t\t\t\t<div class=\"elementor-field elementor-select-wrapper remove-before \">\n\t\t\t<div class=\"select-caret-down-wrapper\">\n\t\t\t\t<svg aria-hidden=\"true\" class=\"e-font-icon-svg e-eicon-caret-down\" viewBox=\"0 0 571.4 571.4\" xmlns=\"http:\/\/www.w3.org\/2000\/svg\"><path d=\"M571 393Q571 407 561 418L311 668Q300 679 286 679T261 668L11 418Q0 407 0 393T11 368 36 357H536Q550 357 561 368T571 393Z\"><\/path><\/svg>\t\t\t<\/div>\n\t\t\t<select name=\"form_fields[field_982acc3]\" id=\"form-field-field_982acc3\" class=\"elementor-field-textual elementor-size-sm\">\n\t\t\t\t\t\t\t\t\t<option value=\"10:15\">10:15<\/option>\n\t\t\t\t\t\t\t\t\t<option value=\"11:30\">11:30<\/option>\n\t\t\t\t\t\t\t<\/select>\n\t\t<\/div>\n\t\t\t\t\t\t<\/div>\n\t\t\t\t\t\t\t\t<div class=\"elementor-field-type-date elementor-field-group elementor-column elementor-field-group-field_8a71741 elementor-col-100\">\n\t\t\t\t\t\t\t\t\t\t\t\t<label for=\"form-field-field_8a71741\" class=\"elementor-field-label\">\n\t\t\t\t\t\t\t\tFecha\t\t\t\t\t\t\t<\/label>\n\t\t\t\t\t\t\n\t\t<input type=\"date\" name=\"form_fields[field_8a71741]\" id=\"form-field-field_8a71741\" class=\"elementor-field elementor-size-sm  elementor-field-textual elementor-date-field\" placeholder=\"fecha\" pattern=\"[0-9]{4}-[0-9]{2}-[0-9]{2}\" min=\"2025-08-07\" max=\"2025-09-30\">\n\t\t\t\t\t\t<\/div>\n\t\t\t\t\t\t\t\t<div class=\"elementor-field-type-number elementor-field-group elementor-column elementor-field-group-field_c42c267 elementor-col-100\">\n\t\t\t\t\t\t\t\t\t\t\t\t<label for=\"form-field-field_c42c267\" class=\"elementor-field-label\">\n\t\t\t\t\t\t\t\tN\u00famero de Adultos\t\t\t\t\t\t\t<\/label>\n\t\t\t\t\t\t\t\t\t<input type=\"number\" name=\"form_fields[field_c42c267]\" id=\"form-field-field_c42c267\" class=\"elementor-field elementor-size-sm  elementor-field-textual\" min=\"\" max=\"\" >\n\t\t\t\t\t\t<\/div>\n\t\t\t\t\t\t\t\t<div class=\"elementor-field-type-number elementor-field-group elementor-column elementor-field-group-field_36195eb elementor-col-100\">\n\t\t\t\t\t\t\t\t\t\t\t\t<label for=\"form-field-field_36195eb\" class=\"elementor-field-label\">\n\t\t\t\t\t\t\t\tN\u00famero de Ni\u00f1os\t\t\t\t\t\t\t<\/label>\n\t\t\t\t\t\t\t\t\t<input type=\"number\" name=\"form_fields[field_36195eb]\" id=\"form-field-field_36195eb\" class=\"elementor-field elementor-size-sm  elementor-field-textual\" min=\"\" max=\"\" >\n\t\t\t\t\t\t<\/div>\n\t\t\t\t\t\t\t\t<div class=\"elementor-field-type-textarea elementor-field-group elementor-column elementor-field-group-field_6d6e703 elementor-col-100\">\n\t\t\t\t\t\t\t\t\t\t\t\t<label for=\"form-field-field_6d6e703\" class=\"elementor-field-label\">\n\t\t\t\t\t\t\t\tComentarios\t\t\t\t\t\t\t<\/label>\n\t\t\t\t\t\t<textarea class=\"elementor-field-textual elementor-field  elementor-size-sm\" name=\"form_fields[field_6d6e703]\" id=\"form-field-field_6d6e703\" rows=\"4\"><\/textarea>\t\t\t\t<\/div>\n\t\t\t\t\t\t\t\t<div class=\"elementor-field-group elementor-column elementor-field-type-submit elementor-col-100 e-form__buttons\">\n\t\t\t\t\t<button class=\"elementor-button elementor-size-sm\" type=\"submit\">\n\t\t\t\t\t\t<span class=\"elementor-button-content-wrapper\">\n\t\t\t\t\t\t\t\t\t\t\t\t\t\t\t<span class=\"elementor-button-icon\">\n\t\t\t\t\t\t\t\t\t<svg aria-hidden=\"true\" class=\"e-font-icon-svg e-fas-shopping-cart\" viewBox=\"0 0 576 512\" xmlns=\"http:\/\/www.w3.org\/2000\/svg\"><path d=\"M528.12 301.319l47.273-208C578.806 78.301 567.391 64 551.99 64H159.208l-9.166-44.81C147.758 8.021 137.93 0 126.529 0H24C10.745 0 0 10.745 0 24v16c0 13.255 10.745 24 24 24h69.883l70.248 343.435C147.325 417.1 136 435.222 136 456c0 30.928 25.072 56 56 56s56-25.072 56-56c0-15.674-6.447-29.835-16.824-40h209.647C430.447 426.165 424 440.326 424 456c0 30.928 25.072 56 56 56s56-25.072 56-56c0-22.172-12.888-41.332-31.579-50.405l5.517-24.276c3.413-15.018-8.002-29.319-23.403-29.319H218.117l-6.545-32h293.145c11.206 0 20.92-7.754 23.403-18.681z\"><\/path><\/svg>\t\t\t\t\t\t\t\t\t\t\t\t\t\t\t\t\t<\/span>\n\t\t\t\t\t\t\t\t\t\t\t\t\t\t\t\t\t\t\t\t\t\t<span class=\"elementor-button-text\">RESERVAR<\/span>\n\t\t\t\t\t\t\t\t\t\t\t\t\t<\/span>\n\t\t\t\t\t<\/button>\n\t\t\t\t<\/div>\n\t\t\t<\/div>\n\t\t<\/form>\n\t\t\t\t\t\t<\/div>\n\t\t\t\t<\/div>\n\t\t\t\t<div class=\"elementor-element elementor-element-33c664b elementor-widget elementor-widget-html\" data-id=\"33c664b\" data-element_type=\"widget\" data-widget_type=\"html.default\">\n\t\t\t\t<div class=\"elementor-widget-container\">\n\t\t\t\t\t<style>\n  #banner-precios {\n    position: fixed;\n    bottom: 20px;\n    left: 50%;\n    transform: translateX(-50%);\n    background-color: #430028;\n    color: white;\n    border: 2px solid #00d0ff;\n    padding: 20px;\n    border-radius: 12px;\n    z-index: 9999;\n    display: none;\n    font-family: sans-serif;\n    box-shadow: 0 0 15px rgba(0,0,0,0.4);\n    width: 300px;\n  }\n\n  #banner-precios .fila {\n    display: flex;\n    justify-content: space-between;\n    border-bottom: 1px solid #00d0ff;\n    padding: 8px 0;\n    font-weight: bold;\n  }\n\n  #banner-precios .fila:last-child {\n    border-bottom: none;\n  }\n\n  #cerrar-banner {\n    position: absolute;\n    top: -8px;\n    right: 10px;\n    background: transparent;\n    border: none;\n    color: white;\n    font-size: 17px;\n    cursor: pointer;\n    font-weight: bold;\n  }\n<\/style>\n\n<div id=\"banner-precios\">\n  <button id=\"cerrar-banner\">&times;<\/button>\n  <div class=\"fila\"><span>Adulto (Canoa Doble o Triple)<\/span><span>30\u202f\u20ac<\/span><\/div>\n  <div class=\"fila\"><span>Adulto (Canoa Individual)<\/span><span>35\u202f\u20ac<\/span><\/div>\n  <div class=\"fila\"><span>Ni\u00f1o (5 a 14 a\u00f1os)<\/span><span>20\u202f\u20ac<\/span><\/div>\n<\/div>\n\n<script>\n  setTimeout(() => {\n    document.getElementById('banner-precios').style.display = 'block';\n  }, 2000);\n\n  document.getElementById('cerrar-banner').addEventListener('click', () => {\n    document.getElementById('banner-precios').style.display = 'none';\n  });\n<\/script>\t\t\t\t<\/div>\n\t\t\t\t<\/div>\n\t\t\t\t<div class=\"elementor-element elementor-element-91259d8 elementor-widget elementor-widget-text-editor\" data-id=\"91259d8\" data-element_type=\"widget\" data-widget_type=\"text-editor.default\">\n\t\t\t\t<div class=\"elementor-widget-container\">\n\t\t\t\t\t\t\t\t\t<p class=\"p1\">Nos pondremos en contacto contigo por <span class=\"s1\"><b>WhatsApp<\/b><\/span>\u00a0\u00a0para confirmar tu reserva y darte todos los detalles necesarios.<\/p><p class=\"p1\">Recuerda que:<\/p><ul><li><p class=\"p1\">Las canoas se asignan autom\u00e1ticamente seg\u00fan el n\u00famero de adultos y ni\u00f1os, buscando siempre la combinaci\u00f3n m\u00e1s c\u00f3moda y segura.<\/p><\/li><li><p class=\"p1\">Si tienes alguna duda o necesitas hacer o modificar tu reserva, puedes escribirnos directamente.<\/p><\/li><li><p class=\"elementor-icon-box-description\"><b>Los ni\u00f1os deben tener 5 a\u00f1os y medir m\u00e1s de 1,15 metros para poder realizar la actividad.<\/b><\/p><\/li><\/ul><hr \/><p style=\"text-align: center;\"><strong>Los precios pueden incrementarse en Temporada Alta (Agosto)<\/strong><\/p>\t\t\t\t\t\t\t\t<\/div>\n\t\t\t\t<\/div>\n\t\t\t\t\t<\/div>\n\t\t\t\t<\/div>\n\t\t<div class=\"elementor-element elementor-element-47ce810 e-flex e-con-boxed e-con e-parent\" data-id=\"47ce810\" data-element_type=\"container\">\n\t\t\t\t\t<div class=\"e-con-inner\">\n\t\t\t\t<div class=\"elementor-element elementor-element-ca16442 elementor-view-default elementor-widget elementor-widget-icon\" data-id=\"ca16442\" data-element_type=\"widget\" data-widget_type=\"icon.default\">\n\t\t\t\t<div class=\"elementor-widget-container\">\n\t\t\t\t\t\t\t<div class=\"elementor-icon-wrapper\">\n\t\t\t<a class=\"elementor-icon\" href=\"https:\/\/astursella.com\">\n\t\t\t<svg aria-hidden=\"true\" class=\"e-font-icon-svg e-fas-house-damage\" viewBox=\"0 0 576 512\" xmlns=\"http:\/\/www.w3.org\/2000\/svg\"><path d=\"M288 114.96L69.47 307.71c-1.62 1.46-3.69 2.14-5.47 3.35V496c0 8.84 7.16 16 16 16h149.23L192 439.19l104.11-64-60.16-119.22L384 392.75l-104.11 64L319.81 512H496c8.84 0 16-7.16 16-16V311.1c-1.7-1.16-3.72-1.82-5.26-3.2L288 114.96zm282.69 121.32L512 184.45V48c0-8.84-7.16-16-16-16h-64c-8.84 0-16 7.16-16 16v51.69L314.75 10.31C307.12 3.45 297.56.01 288 0s-19.1 3.41-26.7 10.27L5.31 236.28c-6.57 5.91-7.12 16.02-1.21 22.6l21.4 23.82c5.9 6.57 16.02 7.12 22.6 1.21L277.42 81.63c6.05-5.33 15.12-5.33 21.17 0L527.91 283.9c6.57 5.9 16.69 5.36 22.6-1.21l21.4-23.82c5.9-6.57 5.36-16.69-1.22-22.59z\"><\/path><\/svg>\t\t\t<\/a>\n\t\t<\/div>\n\t\t\t\t\t\t<\/div>\n\t\t\t\t<\/div>\n\t\t\t\t<div class=\"elementor-element elementor-element-f5bc8e0 elementor-widget elementor-widget-heading\" data-id=\"f5bc8e0\" data-element_type=\"widget\" data-widget_type=\"heading.default\">\n\t\t\t\t<div class=\"elementor-widget-container\">\n\t\t\t\t\t<h2 class=\"elementor-heading-title elementor-size-default\"><a href=\"https:\/\/astursellaventura.com\">ASTUR AVENTURAS<\/a><\/h2>\t\t\t\t<\/div>\n\t\t\t\t<\/div>\n\t\t\t\t\t<\/div>\n\t\t\t\t<\/div>\n\t\t\t\t<\/div>\n\t\t","protected":false},"excerpt":{"rendered":"<p>La asignaci\u00f3n de canoas se realiza autom\u00e1ticamente seg\u00fan el n\u00famero de personas y su edad (15 a\u00f1os o m\u00e1s se considera Adulto), respetando siempre la capacidad y seguridad de cada embarcaci\u00f3n. Las canoas disponibles pueden ser individuales, dobles o triples (aunque f\u00edsicamente Dobles y Triples sean iguales, la distribuci\u00f3n var\u00eda seg\u00fan los ocupantes). Por ejemplo: [&hellip;]<\/p>\n","protected":false},"author":1,"featured_media":0,"parent":0,"menu_order":0,"comment_status":"closed","ping_status":"open","template":"","meta":{"footnotes":""},"class_list":["post-2","page","type-page","status-publish","hentry"],"_links":{"self":[{"href":"https:\/\/reservas.astursella.com\/index.php\/wp-json\/wp\/v2\/pages\/2","targetHints":{"allow":["GET"]}}],"collection":[{"href":"https:\/\/reservas.astursella.com\/index.php\/wp-json\/wp\/v2\/pages"}],"about":[{"href":"https:\/\/reservas.astursella.com\/index.php\/wp-json\/wp\/v2\/types\/page"}],"author":[{"embeddable":true,"href":"https:\/\/reservas.astursella.com\/index.php\/wp-json\/wp\/v2\/users\/1"}],"replies":[{"embeddable":true,"href":"https:\/\/reservas.astursella.com\/index.php\/wp-json\/wp\/v2\/comments?post=2"}],"version-history":[{"count":162,"href":"https:\/\/reservas.astursella.com\/index.php\/wp-json\/wp\/v2\/pages\/2\/revisions"}],"predecessor-version":[{"id":300,"href":"https:\/\/reservas.astursella.com\/index.php\/wp-json\/wp\/v2\/pages\/2\/revisions\/300"}],"wp:attachment":[{"href":"https:\/\/reservas.astursella.com\/index.php\/wp-json\/wp\/v2\/media?parent=2"}],"curies":[{"name":"wp","href":"https:\/\/api.w.org\/{rel}","templated":true}]}}